4731126?
True
Does 228 divide 20344797?
False
Does 1208 divide 86630512?
True
Is 51125916 a multiple of 557?
True
Is 746375925 a multiple of 25?
True
Does 46 divide 533949232?
True
Is 14929893 a multiple of 324?
False
Is 1459112471 a multiple of 6?
False
Is 19802285 a multiple of 50?
False
Does 15 divide 348127234?
False
Is 7712173 a multiple of 95?
False
Is 102 a factor of 46025069?
False
Is 15 a factor of 736672890?
True
Is 525951400 a multiple of 5990?
False
Is 17 a factor of 72448645?
True
Is 399387078 a multiple of 3501?
True
Is 858889 a multiple of 23?
True
Does 455 divide 429546390?
True
Is 41 a factor of 7167245?
False
Does 202 divide 145238?
True
Does 38 divide 575853520?
True
Is 1605354000 a multiple of 2760?
True
Is 945 a factor of 5547451?
False
Is 2414518227 a multiple of 11?
True
Does 320 divide 1825280?
True
Is 136 a factor of 124858744?
True
Does 561 divide 10307814?
True
Is 1261501840 a multiple of 1874?
True
Is 2640925404 a multiple of 2269?
True
Does 34 divide 12177713?
False
Does 2218 divide 85410744?
True
Does 790 divide 87493788?
False
Does 1383 divide 774749685?
True
Does 5493 divide 441197760?
True
Does 14 divide 514569?
False
Does 19 divide 3534970824?
True
Is 178 a factor of 67732560?
True
Is 591 a factor of 219610872?
True
Does 10 divide 3516717?
False
Is 23141888 a multiple of 64?
True
Is 64 a factor of 2773197?
False
Is 105571871 a multiple of 15?
False
Does 37 divide 544254391?
False
Is 7 a factor of 260888195?
False
Does 295 divide 428020130?
False
Is 29336647 a multiple of 263?
False
Does 878 divide 393896958?
False
Is 24235800 a multiple of 60?
True
Is 32 a factor of 99837645?
False
Does 192 divide 686166144?
True
Does 321 divide 202356153?
True
Is 3059 a factor of 337639123?
False
Is 349 a factor of 1746396?
True
Is 1154 a factor of 327724937?
False
Does 30 divide 6691590?
True
Is 316277981 a multiple of 1901?
False
Does 123 divide 31978826?
False
Does 711 divide 1118533710?
False
Does 9 divide 219052134?
True
Is 52 a factor of 21169148?
True
Is 6654795 a multiple of 21?
True
Is 74449547 a multiple of 400?
False
Is 2156778 a multiple of 234?
True
Does 30 divide 532366680?
True
Does 21 divide 540694378?
False
Does 107 divide 132328273?
False
Is 189 a factor of 65962701?
True
Is 264115440 a multiple of 3?
True
Is 24346979 a multiple of 77?
False
Is 55430333 a multiple of 187?
False
Is 37147398 a multiple of 63?
False
Is 14818380 a multiple of 503?
True
Is 158619392 a multiple of 121?
False
Is 87672224 a multiple of 13?
False
Is 2 a factor of 17193407?
False
Is 5228 a factor of 88867087?
False
Does 1628 divide 206941581?
False
Is 2962 a factor of 327721604?
True
Is 301 a factor of 7572709?
False
Does 51 divide 15693618?
True
Does 19 divide 47561994?
False
Is 6231 a factor of 1315624435?
False
Is 56 a factor of 119899080?
True
Is 308 a factor of 234920224?
True
Does 10683 divide 1063778637?
False
Is 12 a factor of 2943503763?
False
Is 131603893 a multiple of 17?
False
Is 2158404 a multiple of 2?
True
Is 296216752 a multiple of 16?
True
Is 5903696 a multiple of 124?
False
Is 1587166819 a multiple of 1541?
True
Is 363 a factor of 38707779?
True
Is 33 a factor of 2103113?
False
Is 62 a factor of 1050530604?
True
Does 9 divide 13788684?
True
Is 8656039 a multiple of 210?
False
Is 136 a factor of 467823713?
False
Is 73 a factor of 515285084?
False
Is 316197399 a multiple of 652?
False
Does 5970 divide 124731210?
True
Is 2062 a factor of 24003954?
False
Is 182 a factor of 4381303053?
False
Is 99941364 a multiple of 55?
False
Is 1151 a factor of 41021640?
True
Does 627 divide 470843142?
True
Is 854898543 a multiple of 77?
False
Does 4 divide 10184202?
False
Is 177547322 a multiple of 4289?
False
Is 298 a factor of 64254341?
False
Is 14185548 a multiple of 250?
False
Does 64 divide 225117208?
False
Is 15 a factor of 114187834?
False
Is 264985637 a multiple of 1367?
False
Does 14 divide 25709271?
False
Is 13 a factor of 844847518?
False
Does 690 divide 2860501950?
True
Does 2143 divide 2830485115?
True
Is 15 a factor of 93410685?
True
Is 930515 a multiple of 32?
False
Is 269327911 a multiple of 14?
False
Is 174 a factor of 138174771?
False
Is 2252 a factor of 1140320468?
True
Is 34 a factor of 2602123?
False
Is 148 a factor of 14536856?
True
Is 143515 a multiple of 2?
False
Is 245601929 a multiple of 182?
False
Does 31 divide 11982142?
False
Is 4 a factor of 8310360?
True
Is 316 a factor of 314496?
False
Does 7 divide 89675052?
False
Does 1185 divide 1669996800?
True
Is 126 a factor of 360236773?
False
Is 818091937 a multiple of 602?
False
Is 73137848 a multiple of 13?
False
Is 31 a factor of 48329161?
False
Is 40 a factor of 424799776?
False
Is 19584918 a multiple of 29?
True
Does 649 divide 51753494?
False
Is 30 a factor of 26970510?
True
Is 1059520287 a multiple of 2211?
False
Is 1563 a factor of 60691042?
False
Does 31 divide 114890867?
True
Is 9492825 a multiple of 75?
True
Does 29 divide 6758354?
False
Is 60 a factor of 84794636?
False
Is 34600228 a multiple of 344?
False
Is 446122442 a multiple of 955?
False
Is 377 a factor of 1083799477?
False
Is 399 a factor of 33421839?
False
Is 50903966 a multiple of 56?
False
Is 1492 a factor of 1820617476?
True
Does 58 divide 13248766?
True
Is 3696090 a multiple of 175?
False
Does 31 divide 109511530?
True
Does 11 divide 81361236?
True
Is 97 a factor of 279882345?
True
Is 35676810 a multiple of 90?
True
Is 366983718 a multiple of 5?
False
Does 17 divide 35889805?
True
Is 64 a factor of 56719168?
True
Is 2723154861 a multiple of 208?
False
Is 56 a factor of 96060944?
True
Is 46257262 a multiple of 269?
False
Is 4352 a factor of 633965627?
False
Does 478 divide 2333961238?
False
Does 5169 divide 231280291?
False
Does 10 divide 10960200?
True
Is 7433920320 a multiple of 48?
True
Is 34 a factor of 981495340?
True
Is 444876186 a multiple of 3322?
False
Is 22417004 a multiple of 3?
False
Does 21 divide 339981138?
True
Is 1891584895 a multiple of 30?
False
Is 8112025 a multiple of 67?
True
Does 50 divide 3443579890?
False
Does 9 divide 175379465?
False
Is 1986060780 a multiple of 990?
True
Is 105 a factor of 39290370?
True
Is 170 a factor of 232147750?
True
Does 829 divide 2154491416?
True
Is 1267 a factor of 639358608?
True
Is 20 a factor of 64577280?
True
Does 1259 divide 131833667?
True
Is 556 a factor of 339122748?
True
Is 17 a factor of 2679637040?
False
Does 24 divide 119277264?
True
Does 2542 divide 144685556?
True
Is 654511 a multiple of 143?
True
Is 7687 a factor of 1960085069?
True
Is 258 a factor of 20953212?
True
Is 54057811 a multiple of 824?
False
Does 1893 divide 1363660410?
True
Is 7 a factor of 158096925?
True
Is 982 a factor of 5963879981?
False
Is 101794418 a multiple of 2321?
True
Is 663340349 a multiple of 7?
True
Is 10273824 a multiple of 297?
True
Is 35469957 a multiple of 381?
True
Does 43 divide 1227481091?
False
Is 5 a factor of 6981720?
True
Is 99883997 a multiple of 63?
False
Does 7595 divide 215766355?
True
Is 202 a factor of 127215560?
True
Is 122 a factor of 2574597321?
False
Is 299 a factor of 93655621?
False
Is 5064909420 a multiple of 66?
False
Does 1016 divide 119526304?
True
Does 10 divide 60101520?
True
Is 244570013 a multiple of 24?
False
Is 92210178 a multiple of 204?
False
Does 237 divide 29991165?
True
Does 15 divide 360504?
False
Is 41 a factor of 49986531?
False
Is 705476838 a multiple of 506?
True
Is 668910165 a multiple of 55?
True
Does 48 divide 14214432?
True
Is 460072365 a multiple of 31?
False
Is 19619093 a multiple of 195?
False
Does 5293 divide 2046194405?
True
Is 23 a factor of 4866694545?
True
Does 124 divide 479061718?
False
Does 47 divide 2567545187?
True
Is 71 a factor of 97862805?
False
Is 2350265280 a multiple of 817?
False
Does 262 divide 19147896?
False
Does 68 divide 56143928?
True
Is 2883036 a multiple of 13?
True
Is 258 a factor of 353069646?
True
Does 10110 divide 1698247470?
True
Does 18 divide 144434372?
False
Is 64528564 a multiple of 1137?
False
Does 2 divide 451812091?
False
Does 34 divide 4406104?
False
Does 27 divide 12634839?
True
Does 17 divide 275666374?
False
Is 3675 a factor of 1162696500?
True
Does 201 divide 9613227?
True
Is 102762586 a multiple of 184?
False
Does 1129 divide 57934635?
True
Does 8 divi